by 27.
5
Calculate the remainder when 141 is divided by 25.
16
What is the remainder when 71 is divided by 42?
29
What is the remainder when 4783 is divided by 76?
71
What is the remainder when 78 is divided by 9?
6
What is the remainder when 1225 is divided by 186?
109
What is the remainder when 111 is divided by 32?
15
Calculate the remainder when 6272 is divided by 41.
40
Calculate the remainder when 292 is divided by 14.
12
Calculate the remainder when 142 is divided by 8.
6
Calculate the remainder when 16061 is divided by 153.
149
What is the remainder when 3376 is divided by 282?
274
What is the remainder when 119 is divided by 32?
23
Calculate the remainder when 894 is divided by 128.
126
Calculate the remainder when 252 is divided by 60.
12
Calculate the remainder when 2105 is divided by 17.
14
Calculate the remainder when 1737 is divided by 39.
21
Calculate the remainder when 554 is divided by 145.
119
What is the remainder when 1231 is divided by 246?
1
What is the remainder when 412 is divided by 46?
44
Calculate the remainder when 1595 is divided by 47.
44
Calculate the remainder when 12828 is divided by 4271.
15
What is the remainder when 43 is divided by 38?
5
Calculate the remainder when 5949 is divided by 24.
21
Calculate the remainder when 304 is divided by 17.
15
Calculate the remainder when 151 is divided by 141.
10
What is the remainder when 70 is divided by 20?
10
What is the remainder when 82 is divided by 6?
4
Calculate the remainder when 224 is divided by 6.
2
Calculate the remainder when 54 is divided by 26.
2
What is the remainder when 952 is divided by 20?
12
What is the remainder when 748 is divided by 26?
20
What is the remainder when 4492 is divided by 166?
10
Calculate the remainder when 71 is divided by 14.
1
Calculate the remainder when 655 is divided by 316.
23
What is the remainder when 3764 is divided by 26?
20
Calculate the remainder when 82 is divided by 8.
2
What is the remainder when 2603 is divided by 14?
13
Calculate the remainder when 334 is divided by 25.
9
Calculate the remainder when 864 is divided by 283.
15
Calculate the remainder when 23 is divided by 14.
9
What is the remainder when 340 is divided by 180?
160
What is the remainder when 46 is divided by 16?
14
Calculate the remainder when 320 is divided by 26.
8
Calculate the remainder when 7431 is divided by 76.
59
Calculate the remainder when 789 is divided by 11.
8
Calculate the remainder when 70 is divided by 13.
5
What is the remainder when 5692 is divided by 114?
106
What is the remainder when 297 is divided by 7?
3
Calculate the remainder when 728 is divided by 238.
14
Calculate the remainder when 27 is divided by 5.
2
Calculate the remainder when 257 is divided by 90.
77
Calculate the remainder when 17 is divided by 7.
3
Calculate the remainder when 3055 is divided by 191.
190
What is the remainder when 478 is divided by 40?
38
What is the remainder when 651 is divided by 2?
1
What is the remainder when 218 is divided by 10?
8
Calculate the remainder when 72 is divided by 38.
34
What is the remainder when 1696 is divided by 154?
2
Calculate the remainder when 57 is divided by 36.
21
What is the remainder when 189 is divided by 19?
18
What is the remainder when 71 is divided by 28?
15
Calculate the remainder when 4825 is divided by 23.
18
What is the remainder when 41 is divided by 7?
6
Calculate the remainder when 929 is divided by 164.
109
What is the remainder when 1764 is divided by 26?
22
What is the remainder when 46 is divided by 12?
10
What is the remainder when 1243 is divided by 14?
11
What is the remainder when 22 is divided by 14?
8
Calculate the remainder when 1403 is divided by 37.
34
Calculate the remainder when 164 is divided by 10.
4
What is the remainder when 339 is divided by 123?
93
What is the remainder when 1603 is divided by 50?
3
What is the remainder when 1803 is divided by 457?
432
Calculate the remainder when 3234 is divided by 162.
156
Calculate the remainder when 321 is divided by 164.
157
Calculate the remainder when 217 is divided by 57.
46
Calculate the remainder when 568 is divided by 24.
16
What is the remainder when 22953 is divided by 23?
22
What is the remainder when 90 is divided by 31?
28
What is the remainder when 1657 is divided by 30?
7
What is the remainder when 1816 is divided by 107?
104
What is the remainder when 648 is divided by 307?
34
Calculate the remainder when 136 is divided by 31.
12
Calculate the remainder when 150 is divided by 43.
21
What is the remainder when 124 is divided by 32?
28
Calculate the remainder when 1134 is divided by 31.
18
What is the remainder when 143 is divided by 61?
21
Calculate the remainder when 1565 is divided by 144.
125
What is the remainder when 2279 is divided by 40?
39
Calculate the remainder when 2722 is divided by 12.
10
Calculate the remainder when 2810 is divided by 7.
3
What is the remainder when 230 is divided by 62?
44
What is the remainder when 2498 is divided by 119?
118
What is the remainder when 3149 is divided by 625?
24
What is the remainder when 410 is divided by 52?
46
Calculate the remainder when 125 is divided by 10.
5
What is the remainder when 27 is divided by 4?
3
Calculate the remainder when 402 is divided by 66.
6
What is the remainder when 50 is divided by 17?
16
Calculate the remainder when 241 is divided by 76.
13
Calculate the remainder when 570 is divided by 50.
20
What is the remainder when 3986 is divided by 797?
1
Calculate the remainder when 33663 is divided by 181.
178
What is the remainder when 309 is divided by 91?
36
What is the remainder when 515 is divided by 130?
125
Calculate the remainder when 618 is divided by 20.
18
What is the remainder when 210 is divided by 41?
5
Calculate the remainder when 5141 is divided by 8.
5
Calculate the remainder when 1203 is divided by 14.
13
What is the remainder when 181 is divided by 10?
1
Calculate the remainder when 228 is divided by 141.
87
What is the remainder when 416 is divided by 272?
144
What is the remainder when 789 is divided by 42?
33
What is the remainder when 829 is divided by 56?
45
Calculate the remainder when 23097 is divided by 22.
19
Calculate the remainder when 17600 is divided by 54.
50
Calculate the remainder when 1891 is divided by 65.
6
Calculate the remainder when 384 is divided by 44.
32
Calculate the remainder when 3636 is divided by 65.
61
Calculate the remainder when 185 is divided by 38.
33
Calculate the remainder when 130 is divided by 35.
25
Calculate the remainder when 439 is divided by 34.
31
Calculate the remainder when 470 is divided by 20.
10
Calculate the remainder when 505 is divided by 22.
21
Calculate the remainder when 138 is divided by 23.
0
What is the remainder when 583 is divided by 59?
52
What is the remainder when 2406 is divided by 56?
54
Calculate the remainder when 385 is divided by 153.
79
Calculate the remainder when 941 is divided by 23.
21
What is the remainder when 11067 is divided by 3688?
3
What is the remainder when 497 is divided by 8?
1
Calculate the remainder when 22890 is divided by 194.
192
What is the remainder when 433 is divided by 26?
17
Calculate the remainder when 403 is divided by 68.
63
Calculate the remainder when 3464 is divided by 33.
32
What is the remainder when 9959 is divided by 83?
82
What is the remainder when 745 is divided by 232?
49
What is the remainder when 200 is divided by 108?
92
Calculate the remainder when 89 is divided by 40.
9
Calculate the remainder when 687 is divided by 106.
51
What is the remainder when 29109 is divided by 24?
21
Calculate the remainder when 548 is divided by 182.
2
What is the remainder when 66 is divided by 28?
10
Calculate the remainder when 515 is divided by 272.
243
What is the remainder when 255 is divided by 2?
1
What is the remainder when 485 is divided by 240?
5
Calculate the remainder when 714 is divided by 35.
14
Calculate the remainder when 89 is divided by 84.
5
Calculate the remainder when 849 is divided by 138.
21
What is the remainder when 206 is divided by 33?
8
Calculate the remainder when 7597 is divided by 95.
92
Calculate the remainder when 191 is divided by 16.
15
What is the remainder when 283 is divided by 15?
13
What is the remainder when